{"id":11,"date":"2026-03-23T13:02:57","date_gmt":"2026-03-23T13:02:57","guid":{"rendered":"https:\/\/awesome-grothendieck.176-9-1-208.plesk.page\/?page_id=11"},"modified":"2026-04-10T12:25:52","modified_gmt":"2026-04-10T12:25:52","slug":"11-2","status":"publish","type":"page","link":"https:\/\/dachveredelung-nordwest.de\/","title":{"rendered":"Startseite"},"content":{"rendered":"<div class=\"et_pb_section_0 et_pb_section et_section_regular et_block_section\">\n<div class=\"et_pb_row_0 et_pb_row et_block_row\">\n<div class=\"et_pb_column_0 et_pb_column et_pb_column_4_4 et-last-child et_block_column et_pb_css_mix_blend_mode_passthrough\">\n<div class=\"et_pb_image_0 et_pb_image et_pb_module et_flex_module\"><span class=\"et_pb_image_wrap\"><img loading=\"lazy\" decoding=\"async\" src=\"https:\/\/dachveredelung-nordwest.de\/wp-content\/uploads\/2026\/04\/Dachveredelung.png\" title=\"Dachveredelung\" width=\"1354\" height=\"700\" srcset=\"https:\/\/dachveredelung-nordwest.de\/wp-content\/uploads\/2026\/04\/Dachveredelung.png 1354w, https:\/\/dachveredelung-nordwest.de\/wp-content\/uploads\/2026\/04\/Dachveredelung-1280x662.png 1280w, https:\/\/dachveredelung-nordwest.de\/wp-content\/uploads\/2026\/04\/Dachveredelung-980x507.png 980w, https:\/\/dachveredelung-nordwest.de\/wp-content\/uploads\/2026\/04\/Dachveredelung-480x248.png 480w\" sizes=\"(min-width: 0px) and (max-width: 480px) 480px, (min-width: 481px) and (max-width: 980px) 980px, (min-width: 981px) and (max-width: 1280px) 1280px, (min-width: 1281px) 1354px, 100vw\" class=\"wp-image-245\" \/><\/span><\/div>\n\n<div class=\"et_pb_text_0 et_pb_text et_pb_bg_layout_light et_pb_module et_flex_module\"><div class=\"et_pb_text_inner\"><p><span>Mit uns steht Ihnen ein professionelles Team mit jahrelanger Erfahrung rund ums Thema Dachveredelung, Reinigung und Versiegelung Ihrer Immobilie zur Seite. Dabei wird f\u00fcr uns nat\u00fcrlich die materialschonende Arbeitsweise genauso gro\u00df geschrieben wie der Schutz von Umwelt, Geb\u00e4ude und Mauerwerk.<\/span><\/p>\n<\/div><\/div>\n<\/div>\n<\/div>\n\n<div class=\"et_pb_row_1 et_pb_row et_block_row\">\n<div class=\"et_pb_column_1 et_pb_column et_pb_column_1_2 et_block_column et_pb_css_mix_blend_mode_passthrough\">\n<div class=\"et_pb_blurb_0 et_pb_blurb et_pb_bg_layout_light et_pb_blurb_position_top et_pb_module et_block_module\"><div class=\"et_pb_blurb_content\"><div class=\"et_pb_main_blurb_image\"><span class=\"et_pb_image_wrap et_pb_only_image_mode_wrap\"><img loading=\"lazy\" decoding=\"async\" src=\"https:\/\/dachveredelung-nordwest.de\/wp-content\/uploads\/2026\/03\/307abac5-b357-4412-be58-dcf9b8ee4b83.jpeg\" width=\"1600\" height=\"1200\" srcset=\"https:\/\/dachveredelung-nordwest.de\/wp-content\/uploads\/2026\/03\/307abac5-b357-4412-be58-dcf9b8ee4b83.jpeg 1600w, https:\/\/dachveredelung-nordwest.de\/wp-content\/uploads\/2026\/03\/307abac5-b357-4412-be58-dcf9b8ee4b83-1280x960.jpeg 1280w, https:\/\/dachveredelung-nordwest.de\/wp-content\/uploads\/2026\/03\/307abac5-b357-4412-be58-dcf9b8ee4b83-980x735.jpeg 980w, https:\/\/dachveredelung-nordwest.de\/wp-content\/uploads\/2026\/03\/307abac5-b357-4412-be58-dcf9b8ee4b83-480x360.jpeg 480w\" sizes=\"(min-width: 0px) and (max-width: 480px) 480px, (min-width: 481px) and (max-width: 980px) 980px, (min-width: 981px) and (max-width: 1280px) 1280px, (min-width: 1281px) 1600px, 100vw\" class=\"et-waypoint et_pb_animation_top et_pb_animation_top_tablet et_pb_animation_top_phone wp-image-94\" title=\"307abac5-b357-4412-be58-dcf9b8ee4b83\" \/><\/span><\/div><div class=\"et_pb_blurb_container\"><h4 class=\"et_pb_module_header\">Dachreinigung<\/h4><div class=\"et_pb_blurb_description\"><p>Gr\u00fcndliche Entfernung von Schmutz, Algen und Ablagerungen zur Wiederherstellung der Dachoptik und Funktion.<\/p>\n<\/div><\/div><\/div><\/div>\n<\/div>\n\n<div class=\"et_pb_column_2 et_pb_column et_pb_column_1_2 et-last-child et_block_column et_pb_css_mix_blend_mode_passthrough\">\n<div class=\"et_pb_blurb_1 et_pb_blurb et_pb_bg_layout_light et_pb_blurb_position_top et_pb_module et_block_module\"><div class=\"et_pb_blurb_content\"><div class=\"et_pb_main_blurb_image\"><span class=\"et_pb_image_wrap et_pb_only_image_mode_wrap\"><img loading=\"lazy\" decoding=\"async\" src=\"https:\/\/dachveredelung-nordwest.de\/wp-content\/uploads\/2026\/03\/b0f1479b-1f98-43b1-88f5-e9e0c97d3ef1.jpeg\" width=\"1600\" height=\"1200\" srcset=\"https:\/\/dachveredelung-nordwest.de\/wp-content\/uploads\/2026\/03\/b0f1479b-1f98-43b1-88f5-e9e0c97d3ef1.jpeg 1600w, https:\/\/dachveredelung-nordwest.de\/wp-content\/uploads\/2026\/03\/b0f1479b-1f98-43b1-88f5-e9e0c97d3ef1-1280x960.jpeg 1280w, https:\/\/dachveredelung-nordwest.de\/wp-content\/uploads\/2026\/03\/b0f1479b-1f98-43b1-88f5-e9e0c97d3ef1-980x735.jpeg 980w, https:\/\/dachveredelung-nordwest.de\/wp-content\/uploads\/2026\/03\/b0f1479b-1f98-43b1-88f5-e9e0c97d3ef1-480x360.jpeg 480w\" sizes=\"(min-width: 0px) and (max-width: 480px) 480px, (min-width: 481px) and (max-width: 980px) 980px, (min-width: 981px) and (max-width: 1280px) 1280px, (min-width: 1281px) 1600px, 100vw\" class=\"et-waypoint et_pb_animation_top et_pb_animation_top_tablet et_pb_animation_top_phone wp-image-89\" title=\"b0f1479b-1f98-43b1-88f5-e9e0c97d3ef1\" \/><\/span><\/div><div class=\"et_pb_blurb_container\"><h4 class=\"et_pb_module_header\">Dachversiegelung<\/h4><div class=\"et_pb_blurb_description\"><p>Schutzschicht, die das Dach vor Feuchtigkeit, Witterung und neuer Verschmutzung bewahrt.<\/p>\n<\/div><\/div><\/div><\/div>\n<\/div>\n<\/div>\n\n<div class=\"et_pb_row_2 et_pb_row et_block_row\">\n<div class=\"et_pb_column_3 et_pb_column et_pb_column_1_2 et_block_column et_pb_css_mix_blend_mode_passthrough\">\n<div class=\"et_pb_blurb_2 et_pb_blurb et_pb_bg_layout_light et_pb_blurb_position_top et_pb_module et_block_module\"><div class=\"et_pb_blurb_content\"><div class=\"et_pb_main_blurb_image\"><span class=\"et_pb_image_wrap et_pb_only_image_mode_wrap\"><img loading=\"lazy\" decoding=\"async\" src=\"https:\/\/dachveredelung-nordwest.de\/wp-content\/uploads\/2026\/03\/af11f21a-277a-4a2d-a3f6-367197af9ea0.jpeg\" width=\"1600\" height=\"1200\" srcset=\"https:\/\/dachveredelung-nordwest.de\/wp-content\/uploads\/2026\/03\/af11f21a-277a-4a2d-a3f6-367197af9ea0.jpeg 1600w, https:\/\/dachveredelung-nordwest.de\/wp-content\/uploads\/2026\/03\/af11f21a-277a-4a2d-a3f6-367197af9ea0-1280x960.jpeg 1280w, https:\/\/dachveredelung-nordwest.de\/wp-content\/uploads\/2026\/03\/af11f21a-277a-4a2d-a3f6-367197af9ea0-980x735.jpeg 980w, https:\/\/dachveredelung-nordwest.de\/wp-content\/uploads\/2026\/03\/af11f21a-277a-4a2d-a3f6-367197af9ea0-480x360.jpeg 480w\" sizes=\"(min-width: 0px) and (max-width: 480px) 480px, (min-width: 481px) and (max-width: 980px) 980px, (min-width: 981px) and (max-width: 1280px) 1280px, (min-width: 1281px) 1600px, 100vw\" class=\"et-waypoint et_pb_animation_top et_pb_animation_top_tablet et_pb_animation_top_phone wp-image-91\" title=\"af11f21a-277a-4a2d-a3f6-367197af9ea0\" \/><\/span><\/div><div class=\"et_pb_blurb_container\"><h4 class=\"et_pb_module_header\">Moosentfernung<\/h4><div class=\"et_pb_blurb_description\"><p>Farbige oder transparente Beschichtung zur optischen Aufwertung und zus\u00e4tzlichen Versiegelung des Dachs.<\/p>\n<\/div><\/div><\/div><\/div>\n<\/div>\n\n<div class=\"et_pb_column_4 et_pb_column et_pb_column_1_2 et-last-child et_block_column et_pb_css_mix_blend_mode_passthrough\">\n<div class=\"et_pb_blurb_3 et_pb_blurb et_pb_bg_layout_light et_pb_blurb_position_top et_pb_module et_block_module\"><div class=\"et_pb_blurb_content\"><div class=\"et_pb_main_blurb_image\"><span class=\"et_pb_image_wrap et_pb_only_image_mode_wrap\"><img loading=\"lazy\" decoding=\"async\" src=\"https:\/\/dachveredelung-nordwest.de\/wp-content\/uploads\/2026\/03\/983254c9-7fa1-4c7e-8ea8-19af26cf339c.jpeg\" width=\"1600\" height=\"1200\" srcset=\"https:\/\/dachveredelung-nordwest.de\/wp-content\/uploads\/2026\/03\/983254c9-7fa1-4c7e-8ea8-19af26cf339c.jpeg 1600w, https:\/\/dachveredelung-nordwest.de\/wp-content\/uploads\/2026\/03\/983254c9-7fa1-4c7e-8ea8-19af26cf339c-1280x960.jpeg 1280w, https:\/\/dachveredelung-nordwest.de\/wp-content\/uploads\/2026\/03\/983254c9-7fa1-4c7e-8ea8-19af26cf339c-980x735.jpeg 980w, https:\/\/dachveredelung-nordwest.de\/wp-content\/uploads\/2026\/03\/983254c9-7fa1-4c7e-8ea8-19af26cf339c-480x360.jpeg 480w\" sizes=\"(min-width: 0px) and (max-width: 480px) 480px, (min-width: 481px) and (max-width: 980px) 980px, (min-width: 981px) and (max-width: 1280px) 1280px, (min-width: 1281px) 1600px, 100vw\" class=\"et-waypoint et_pb_animation_top et_pb_animation_top_tablet et_pb_animation_top_phone wp-image-79\" title=\"983254c9-7fa1-4c7e-8ea8-19af26cf339c\" \/><\/span><\/div><div class=\"et_pb_blurb_container\"><h4 class=\"et_pb_module_header\">Fasadenreinigung<\/h4><div class=\"et_pb_blurb_description\"><p>Entfernung von Schmutz, Algen und Umwelteinfl\u00fcssen f\u00fcr eine saubere und gepflegte Au\u00dfenansicht.<\/p>\n<\/div><\/div><\/div><\/div>\n<\/div>\n<\/div>\n<\/div>\n\n<div class=\"et_pb_section_1 et_pb_section et_section_specialty et_pb_equal_columns et_pb_gutters3 et_block_section\"><div class=\"et_pb_row et_block_row\">\n<div class=\"et_pb_column_5 et_pb_column et_pb_specialty_column et_pb_column_2_3 et_block_column et_pb_css_mix_blend_mode_passthrough\">\n<div class=\"et_pb_row_inner_0 et_pb_row_inner et_block_row\">\n<div class=\"et_pb_column_inner_0 et_pb_column_inner et_pb_column et_pb_column_4_4 et-last-child et_block_column et_pb_css_mix_blend_mode_passthrough\">\n<div class=\"et_pb_text_1 et_pb_text et_pb_bg_layout_light et_pb_module et_block_module\"><div class=\"et_pb_text_inner\"><h3>Professionelle Reinigung &amp; Schutz f\u00fcr Ihr Zuhause<\/h3>\n<h2><span style=\"color: #005894;\"><strong>Arbeiten <\/strong><\/span>rund ums Haus<\/h2>\n<\/div><\/div>\n<\/div>\n<\/div>\n\n<div class=\"et_pb_row_inner_1 et_pb_row_inner et_block_row\">\n<div class=\"et_pb_column_inner_1 et_pb_column_inner et_pb_column et_pb_column_1_3 et_block_column et_pb_css_mix_blend_mode_passthrough\">\n<div class=\"et_pb_blurb_4 et_pb_blurb et_pb_bg_layout_light et_pb_blurb_position_left et_pb_module et_block_module\"><div class=\"et_pb_blurb_content\"><div class=\"et_pb_main_blurb_image\"><span class=\"et_pb_image_wrap\"><span class=\"et-pb-icon et-waypoint et_pb_animation_off et_pb_animation_off_tablet et_pb_animation_off_phone\">K<\/span><\/span><\/div><div class=\"et_pb_blurb_container\"><h4 class=\"et_pb_module_header\">Moosentfernung<\/h4><div class=\"et_pb_blurb_description\"><p>Schonende Beseitigung von Moos und Flechten, um Sch\u00e4den am Dach langfristig zu verhindern..<\/p>\n<\/div><\/div><\/div><\/div>\n<\/div>\n\n<div class=\"et_pb_column_inner_2 et_pb_column_inner et_pb_column et_pb_column_1_3 et-last-child et_block_column et_pb_css_mix_blend_mode_passthrough\">\n<div class=\"et_pb_blurb_5 et_pb_blurb et_pb_bg_layout_light et_pb_blurb_position_left et_pb_module et_block_module\"><div class=\"et_pb_blurb_content\"><div class=\"et_pb_main_blurb_image\"><span class=\"et_pb_image_wrap\"><span class=\"et-pb-icon et-waypoint et_pb_animation_off et_pb_animation_off_tablet et_pb_animation_off_phone\">K<\/span><\/span><\/div><div class=\"et_pb_blurb_container\"><h4 class=\"et_pb_module_header\">Dachrinnenreinigung<\/h4><div class=\"et_pb_blurb_description\"><p>Reinigung und Freisp\u00fclen der Dachrinnen, damit Regenwasser wieder ungehindert abflie\u00dfen kann.<\/p>\n<\/div><\/div><\/div><\/div>\n<\/div>\n<\/div>\n\n<div class=\"et_pb_row_inner_2 et_pb_row_inner et_block_row\">\n<div class=\"et_pb_column_inner_3 et_pb_column_inner et_pb_column et_pb_column_1_3 et_block_column et_pb_css_mix_blend_mode_passthrough\">\n<div class=\"et_pb_blurb_6 et_pb_blurb et_pb_bg_layout_light et_pb_blurb_position_left et_pb_module et_block_module\"><div class=\"et_pb_blurb_content\"><div class=\"et_pb_main_blurb_image\"><span class=\"et_pb_image_wrap\"><span class=\"et-pb-icon et-waypoint et_pb_animation_off et_pb_animation_off_tablet et_pb_animation_off_phone\">K<\/span><\/span><\/div><div class=\"et_pb_blurb_container\"><h4 class=\"et_pb_module_header\">Reinigung von Winterg\u00e4rten<\/h4><div class=\"et_pb_blurb_description\"><p>Streifenfreie Reinigung von Glasfl\u00e4chen und Rahmen f\u00fcr klare Sicht und gepflegtes Erscheinungsbild.<\/p>\n<\/div><\/div><\/div><\/div>\n<\/div>\n\n<div class=\"et_pb_column_inner_4 et_pb_column_inner et_pb_column et_pb_column_1_3 et-last-child et_block_column et_pb_css_mix_blend_mode_passthrough\">\n<div class=\"et_pb_blurb_7 et_pb_blurb et_pb_bg_layout_light et_pb_blurb_position_left et_pb_module et_block_module\"><div class=\"et_pb_blurb_content\"><div class=\"et_pb_main_blurb_image\"><span class=\"et_pb_image_wrap\"><span class=\"et-pb-icon et-waypoint et_pb_animation_off et_pb_animation_off_tablet et_pb_animation_off_phone\">K<\/span><\/span><\/div><div class=\"et_pb_blurb_container\"><h4 class=\"et_pb_module_header\">Fassadenanstrich<\/h4><div class=\"et_pb_blurb_description\"><p>Neuer Anstrich zum Schutz der Fassade und f\u00fcr ein frisches, optisch ansprechendes Erscheinungsbild.<\/p>\n<\/div><\/div><\/div><\/div>\n<\/div>\n<\/div>\n\n<div class=\"et_pb_row_inner_3 et_pb_row_inner et_block_row\">\n<div class=\"et_pb_column_inner_5 et_pb_column_inner et_pb_column et_pb_column_1_3 et_block_column et_pb_css_mix_blend_mode_passthrough\">\n<div class=\"et_pb_blurb_8 et_pb_blurb et_pb_bg_layout_light et_pb_blurb_position_left et_pb_module et_block_module\"><div class=\"et_pb_blurb_content\"><div class=\"et_pb_main_blurb_image\"><span class=\"et_pb_image_wrap\"><span class=\"et-pb-icon et-waypoint et_pb_animation_off et_pb_animation_off_tablet et_pb_animation_off_phone\">K<\/span><\/span><\/div><div class=\"et_pb_blurb_container\"><h4 class=\"et_pb_module_header\">Abdichtung<\/h4><div class=\"et_pb_blurb_description\"><p>Fachgerechtes Versiegeln von Fl\u00e4chen und Anschl\u00fcssen, um das Eindringen von Wasser zu verhindern.<\/p>\n<\/div><\/div><\/div><\/div>\n<\/div>\n\n<div class=\"et_pb_column_inner_6 et_pb_column_inner et_pb_column et_pb_column_1_3 et-last-child et_block_column et_pb_css_mix_blend_mode_passthrough\">\n<div class=\"et_pb_blurb_9 et_pb_blurb et_pb_bg_layout_light et_pb_blurb_position_left et_pb_module et_block_module\"><div class=\"et_pb_blurb_content\"><div class=\"et_pb_main_blurb_image\"><span class=\"et_pb_image_wrap\"><span class=\"et-pb-icon et-waypoint et_pb_animation_off et_pb_animation_off_tablet et_pb_animation_off_phone\">K<\/span><\/span><\/div><div class=\"et_pb_blurb_container\"><h4 class=\"et_pb_module_header\">Reinigung von Auffahrten \/ Pflasterbereichen:<\/h4><div class=\"et_pb_blurb_description\"><p>Hochdruckreinigung zur Entfernung von Unkraut, Schmutz und Verf\u00e4rbungen auf befestigten Fl\u00e4chen.<\/p>\n<\/div><\/div><\/div><\/div>\n<\/div>\n<\/div>\n\n<div class=\"et_pb_row_3 et_pb_row et_flex_row\">\n<div class=\"et_pb_column_6 et_pb_column et-last-child et_flex_column et_pb_css_mix_blend_mode_passthrough et_flex_column_24_24 et_flex_column_24_24_tablet et_flex_column_24_24_phone\">\n<div class=\"et_pb_text_2 et_pb_text et_pb_bg_layout_light et_pb_module et_flex_module\"><div class=\"et_pb_text_inner\"><p>Gerne \u00fcbernehmen wir auch kleinere Reparaturen in diesen Bereichen f\u00fcr Sie! Sprechen Sie uns einfach an!<\/p>\n<\/div><\/div>\n<\/div>\n<\/div>\n<\/div>\n\n<div class=\"et_pb_column_7 et_pb_column et_pb_column_single et_pb_column_1_3 et-last-child et_block_column et_pb_column_empty et_pb_css_mix_blend_mode_passthrough\"><\/div>\n<\/div><\/div>\n\n<div class=\"et_pb_section_2 et_pb_section et_section_regular et_block_section\">\n<div class=\"et_pb_row_4 et_pb_row et_block_row\">\n<div class=\"et_pb_column_8 et_pb_column et_pb_column_4_4 et-last-child et_block_column et_pb_css_mix_blend_mode_passthrough\">\n<div class=\"et_pb_slider_0 et_pb_slider et_pb_slider_fullwidth_off et_pb_slider_no_arrows et_pb_slider_no_pagination et_slider_auto et_slider_speed_7000 et_pb_module et_block_module preset--group--divi-slider--divi-button--default\"><div class=\"et_pb_slides\">\n<div class=\"et_pb_slide_0 et_pb_slide et_pb_media_alignment_center et_pb_bg_layout_dark et_pb_text_align_left preset--group--divi-slide--divi-button--default\" data-slide-id=\"divi\/slide-0\"><div class=\"et_pb_container\"><div class=\"et_pb_slider_container_inner\"><div class=\"et_pb_slide_description\"><h2 class=\"et_pb_slide_title\">Unser Einsatzgebiet<\/h2><div class=\"et_pb_slide_content\"><p>Wir sind haupts\u00e4chlich im Nordwesten Deutschlands und in den Niederlanden f\u00fcr unsere sehr zufriedenen Kunden unterwegs, sind aber auch in anderen Orten flexibel (nach R\u00fccksprache) einsatzbereit.<\/p>\n<\/div><\/div><\/div><\/div><\/div>\n<\/div><\/div>\n<\/div>\n<\/div>\n<\/div>\n\n<div class=\"et_pb_section_3 et_pb_section et_section_regular et_block_section\">\n<div class=\"et_pb_row_5 et_pb_row et_flex_row\">\n<div class=\"et_pb_column_9 et_pb_column et-last-child et_flex_column et_pb_css_mix_blend_mode_passthrough et_flex_column_24_24 et_flex_column_24_24_tablet et_flex_column_24_24_phone\">\n<div class=\"et_pb_text_3 et_pb_text et_pb_bg_layout_light et_pb_module et_flex_module\"><div class=\"et_pb_text_inner\"><h2>Unser Einsatzgebiet<\/h2>\n<p>Wir sind haupts\u00e4chlich im Nordwesten Deutschlands und in den Niederlanden f\u00fcr unsere sehr zufriedenen Kunden unterwegs, sind aber auch in anderen Orten flexibel (nach R\u00fccksprache) einsatzbereit.<\/p>\n<\/div><\/div>\n<\/div>\n<\/div>\n<\/div>\n\n<div class=\"et_pb_section_4 et_pb_section et_section_regular et_block_section et_pb_section_parallax\"><span class=\"et-pb-parallax-wrapper\"><span class=\"et-pb-parallax-background et-pb-parallax-background-module--divi-section-4\" style=\"background-image:url(https:\/\/dachveredelung-nordwest.de\/wp-content\/uploads\/2026\/03\/istockphoto-1317061022-1024x1024-1.jpg)\"><\/span><span class=\"et_parallax_gradient\" style=\"background-image:linear-gradient(180deg, #ffffff 4%,rgba(0,0,0,0) 33% 100%)\"><\/span><\/span>\n<div class=\"et_pb_row_6 et_pb_row et_block_row\">\n<div class=\"et_pb_column_10 et_pb_column et_pb_column_4_4 et-last-child et_block_column et_pb_css_mix_blend_mode_passthrough\">\n<div class=\"et_pb_text_4 et_pb_text et_pb_bg_layout_light et_pb_module et_block_module\"><div class=\"et_pb_text_inner\"><h3><strong><span style=\"color: #47ace4;\">Vereinbaren Sie einen <\/span>Termin, <span style=\"color: #47ace4;\">wir beraten Sie gern<\/strong>\u00a0<\/span><\/h3>\n<\/div><\/div>\n\n<div class=\"et_pb_row_7 et_pb_row et_pb_row_nested et_flex_row\">\n<div class=\"et_pb_column_11 et_pb_column et_flex_column et_pb_css_mix_blend_mode_passthrough et_flex_column_12_24 et_flex_column_12_24_tablet et_flex_column_24_24_phone\">\n<div class=\"et_pb_blurb_10 et_pb_blurb et_pb_bg_layout_light et_pb_blurb_position_left et_pb_module et_flex_module\"><div class=\"et_pb_blurb_content et_flex_module\"><div class=\"et_pb_main_blurb_image\"><span class=\"et_pb_image_wrap\"><span class=\"et-pb-icon et-waypoint et_pb_animation_top et_pb_animation_top_tablet et_pb_animation_top_phone\">\uf879<\/span><\/span><\/div><div class=\"et_pb_blurb_container\"><h4 class=\"et_pb_module_header\">Telefon<\/h4><div class=\"et_pb_blurb_description\"><p>0123 - 456789 00<\/p>\n<\/div><\/div><\/div><\/div>\n<\/div>\n\n<div class=\"et_pb_column_12 et_pb_column et-last-child et_flex_column et_pb_css_mix_blend_mode_passthrough et_flex_column_12_24 et_flex_column_12_24_tablet et_flex_column_24_24_phone\">\n<div class=\"et_pb_blurb_11 et_pb_blurb et_pb_bg_layout_light et_pb_blurb_position_left et_pb_module et_flex_module\"><div class=\"et_pb_blurb_content et_flex_module\"><div class=\"et_pb_main_blurb_image\"><span class=\"et_pb_image_wrap\"><span class=\"et-pb-icon et-waypoint et_pb_animation_top et_pb_animation_top_tablet et_pb_animation_top_phone\">\uf0e0<\/span><\/span><\/div><div class=\"et_pb_blurb_container\"><h4 class=\"et_pb_module_header\">E-Mail<\/h4><div class=\"et_pb_blurb_description\"><p>info@e-mail.com<\/p>\n<\/div><\/div><\/div><\/div>\n<\/div>\n<\/div>\n\n<div class=\"et_pb_contact_form_0 et_pb_contact_form_container clearfix et_pb_module et_flex_module preset--group--divi-contact-form--divi-button--default\" data-form_unique_num=\"0\" data-form_unique_id=\"e644cc54-db51-402a-9d1b-bd071f6a349c\" id=\"et_pb_contact_form_e644cc54-db51-402a-9d1b-bd071f6a349c\"><h1 class=\"et_pb_contact_main_title\">Oder direkt per Kontakformular<\/h1><div class=\"et-pb-contact-message\"><\/div><div class=\"et_pb_contact\"><form class=\"et_pb_contact_form et_flex_module\" method=\"post\" action=\"https:\/\/dachveredelung-nordwest.de\/index.php\/wp-json\/wp\/v2\/pages\/11\">\n<div class=\"et_pb_contact_field_0 et_pb_contact_field et_pb_module et_flex_module et_flex_column_12_24 et_flex_column_12_24_tablet et_flex_column_12_24_phone\" data-id=\"name\" data-type=\"input\"><label class=\"et_pb_contact_form_label\" for=\"et_pb_contact_0_name_0\">Name<\/label><input type=\"text\" name=\"et_pb_contact_0_name_0\" id=\"et_pb_contact_0_name_0\" class=\"input\" data-required_mark=\"required\" data-field_type=\"input\" data-original_id=\"name\" placeholder=\"Name\" title=\"\" value=\"\" \/><\/div>\n\n<div class=\"et_pb_contact_field_1 et_pb_contact_field et_pb_module et_flex_module et_flex_column_12_24 et_flex_column_12_24_tablet et_flex_column_12_24_phone\" data-id=\"email\" data-type=\"email\"><label class=\"et_pb_contact_form_label\" for=\"et_pb_contact_0_email_1\">E-Mail Adresse<\/label><input type=\"text\" name=\"et_pb_contact_0_email_1\" id=\"et_pb_contact_0_email_1\" class=\"input\" data-required_mark=\"required\" data-field_type=\"email\" data-original_id=\"email\" placeholder=\"E-Mail Adresse\" title=\"\" value=\"\" \/><\/div>\n\n<div class=\"et_pb_contact_field_2 et_pb_contact_field et_pb_module et_flex_module et_flex_column_24_24 et_flex_column_24_24_tablet et_flex_column_24_24_phone\" data-id=\"nachricht\" data-type=\"text\"><label class=\"et_pb_contact_form_label\" for=\"et_pb_contact_0_nachricht_2\">Angaben zum Auftrag<\/label><textarea name=\"et_pb_contact_0_nachricht_2\" id=\"et_pb_contact_0_nachricht_2\" class=\"et_pb_contact_message input\" data-required_mark=\"required\" data-field_type=\"text\" data-original_id=\"nachricht\" placeholder=\"Angaben zum Auftrag\"><\/textarea><\/div>\n<input type=\"hidden\" name=\"et_pb_contactform_submit_e644cc54-db51-402a-9d1b-bd071f6a349c\" value=\"et_contact_proccess\" \/><div class=\"et_contact_bottom_container\"><div class=\"et_pb_contact_right et_pb_contact_field\"><p class=\"clearfix\"><span class=\"et_pb_contact_captcha_question\">5 + 2<\/span> = <input type=\"text\" size=\"2\" class=\"input et_pb_contact_captcha\" data-first_digit=\"5\" data-second_digit=\"2\" data-required_mark=\"required\" name=\"et_pb_contact_captcha_e644cc54-db51-402a-9d1b-bd071f6a349c\" autocomplete=\"off\" \/><\/p><\/div><div class=\"et_pb_button_wrapper\"><button type=\"submit\" name=\"et_builder_submit_button\" class=\"et_pb_button et_pb_contact_submit\">Absenden<\/button><\/div><\/div><input type=\"hidden\" id=\"_wpnonce-et-pb-contact-form-submitted-e644cc54-db51-402a-9d1b-bd071f6a349c\" name=\"_wpnonce-et-pb-contact-form-submitted-e644cc54-db51-402a-9d1b-bd071f6a349c\" value=\"5ef87d9e6f\" \/><input type=\"hidden\" name=\"_wp_http_referer\" value=\"\/index.php\/wp-json\/wp\/v2\/pages\/11\" \/><\/form><\/div><\/div>\n<\/div>\n<\/div>\n<\/div>","protected":false},"excerpt":{"rendered":"","protected":false},"author":1,"featured_media":0,"parent":0,"menu_order":0,"comment_status":"closed","ping_status":"closed","template":"","meta":{"footnotes":""},"class_list":["post-11","page","type-page","status-publish","hentry"],"_links":{"self":[{"href":"https:\/\/dachveredelung-nordwest.de\/index.php\/wp-json\/wp\/v2\/pages\/11","targetHints":{"allow":["GET"]}}],"collection":[{"href":"https:\/\/dachveredelung-nordwest.de\/index.php\/wp-json\/wp\/v2\/pages"}],"about":[{"href":"https:\/\/dachveredelung-nordwest.de\/index.php\/wp-json\/wp\/v2\/types\/page"}],"author":[{"embeddable":true,"href":"https:\/\/dachveredelung-nordwest.de\/index.php\/wp-json\/wp\/v2\/users\/1"}],"replies":[{"embeddable":true,"href":"https:\/\/dachveredelung-nordwest.de\/index.php\/wp-json\/wp\/v2\/comments?post=11"}],"version-history":[{"count":75,"href":"https:\/\/dachveredelung-nordwest.de\/index.php\/wp-json\/wp\/v2\/pages\/11\/revisions"}],"predecessor-version":[{"id":246,"href":"https:\/\/dachveredelung-nordwest.de\/index.php\/wp-json\/wp\/v2\/pages\/11\/revisions\/246"}],"wp:attachment":[{"href":"https:\/\/dachveredelung-nordwest.de\/index.php\/wp-json\/wp\/v2\/media?parent=11"}],"curies":[{"name":"wp","href":"https:\/\/api.w.org\/{rel}","templated":true}]}}